= 3*v + n*c - 684. List the prime factors of v.
2, 3, 29
Let u = 1676 - 1196. Let y = 158 + u. What are the prime factors of y?
2, 11, 29
Suppose -42*t + 523141 = 189703. List the prime factors of t.
17, 467
List the prime factors of ((-149)/4)/(15/(-1740)).
29, 149
Let w = -7822 - -14803. List the prime factors of w.
3, 13, 179
Let i = 4877 + -1964. Suppose -7*g + i = -4*g. What are the prime factors of g?
971
List the prime factors of 4 + (144116/98)/(2/7).
3, 17, 101
Let k(o) = 254*o**2 - 5*o - 2. Let y be k(-1). Suppose 5*w - 167 = -a + y, -5*a + 250 = 3*w. Suppose w = 29*q - 24*q. List the prime factors of q.
17
Suppose 3*f - 105 = 99. Let d = f + -64. Suppose -d*g = -35 - 17. List the prime factors of g.
13
Let h be 2/(-18)*3*-12. Suppose -3*w + 671 = 2*c, -h*w - 692 = -7*c + 5*c. What are the prime factors of c?
2, 5, 17
Let v(l) = 11*l**2 - 5*l + 28. Let m(h) = -34*h**2 + 14*h - 83. Let u(p) = 2*m(p) + 7*v(p). List the prime factors of u(7).
2, 211
Suppose 4*k = -3*v - 0*k - 2, -k = 3*v - 13. Suppose -2*o - 2 = -4*z - v, 4*o + 2*z = -12. Let f(c) = -30*c**3 + c**2 + 7*c + 5. List the prime factors of f(o).
5, 47
Let n(q) = -4*q - 68. Let g(t) = -3*t - 45. Let b(v) = 4*v**2 + 3*v - 2. Let a be b(1). Let s(l) = a*n(l) - 8*g(l). List the prime factors of s(14).
2, 19
Let g be 3 - ((-2 - -3) + -2). Suppose 0 = -p - g*m - 13, -5*m = 5*p - 11 + 1. Suppose 0 = -p*b + 3*b + 116. What are the prime factors of b?
29
List the prime factors of ((-640)/(-768) - (-1)/(-3))/((-1)/(-42928)).
2, 2683
Let j = -145 + 66. Let r = j + 339. What are the prime factors of r?
2, 5, 13
Let m(r) be the third derivative of 0 + 0*r - 8*r**2 - 1/6*r**4 - 1/30*r**5 + 1/120*r**6 + 5/6*r**3. What are the prime factors of m(4)?
3, 7
Suppose 419342 + 2525838 = 294*d - 255304. List the prime factors of d.
2, 5443
Let j(l) = l**3 + 61*l**2 + 219*l + 4. List the prime factors of j(-57).
11, 47
What are the prime factors of ((-63367)/(-9))/((-578)/(-5202))?
63367
Let p(g) = g**2 + 7*g - 75. Let b be p(6). Suppose b*t + 5 + 7 = 0, 4*w = 5*t + 1876. List the prime factors of w.
2, 29
Let s = -45785 - -77074. What are the prime factors of s?
67, 467
Suppose 0 = -k - 2*k + 528. Suppose 0 = 4*h - 2*l - k - 38, -l - 54 = -h. Suppose -s = -d + 28 + h, -d = -4*s - 66. What are the prime factors of d?
2, 43
Suppose p - 4*h = 2*p - 92, 4*p + 4*h - 404 = 0. Suppose y - 4*q = p, 4*y - y - 3*q - 312 = 0. List the prime factors of y.
2, 13
Suppose -4*t + 0*t = 0, 2*t = -3*d + 81966. List the prime factors of d.
2, 19, 719
Let j(g) be the third derivative of 19*g**4/12 + 11*g**3/3 - 3*g**2. Let k(o) = -5*o - 77. Let a be k(-16). List the prime factors of j(a).
2, 17
Let u = 31018 + -17741. List the prime factors of u.
11, 17, 71
Suppose -8*u + 3*u = -32*u + 202716. List the prime factors of u.
2, 1877
Let j(n) be the second derivative of -11*n - 1/3*n**4 - 5/2*n**2 + 0 + 4/3*n**3 + 1/4*n**5. List the prime factors of j(3).
2, 59
Let t(v) = 3*v**3 - 8*v**2 - 10*v + 25. Let n(b) = b**3 + b + 1. Let q(f) = 2*n(f) - t(f). Let c be q(9). List the prime factors of ((-2)/(-1) - c)*-21.
2, 3, 7
Suppose -5*i + 23932 = z, 176*i + 23868 = z + 173*i. What are the prime factors of z?
2, 3, 11, 181
Suppose 2*a - 3*i - 96011 = 0, 11*a + 5*i - 185503 = 342579. What are the prime factors of a?
61, 787
Suppose 10*r - 41900 = 42941 + 63659. What are the prime factors of r?
2, 3, 5, 11
Let c(o) = o**3 + 36*o**2 - 40*o + 52. What are the prime factors of c(-17)?
7, 127
Suppose 3*l - 27 = -h + 4*h, 4*h + 5*l = 0. Let f be (h/2)/((-4)/8). Suppose 10 = 2*r - 3*p, -5*r + p + 71 = f*p. What are the prime factors of r?
11
Suppose -69 = 12*s - 117. Let g(z) = 3*z**3 + z**2 - 9*z + 3. List the prime factors of g(s).
5, 7
Let j = 49 - 48. Let r be j/(1/1 + (-44)/42). Let v = 43 + r. What are the prime factors of v?
2, 11
Let v be (2 - -2591) + (12 - -3)/(-5). Suppose -g + 1297 = u, 14*u = 2*g + 17*u - v. What are the prime factors of g?
1301
Suppose 2*b = 5*c - 33658, -c + 3480 = -3*b - 3262. What are the prime factors of c?
2, 5, 673
Suppose 3*f - 1 = -364. Let c = -35 + f. Let o = c - -281. List the prime factors of o.
5
Let k = -268 + 539. Suppose 149 = 4*r - k. List the prime factors of r.
3, 5, 7
Suppose -5*j - 145 = 15. Let x = 44 + j. Suppose -x*c + 321 = -663. What are the prime factors of c?
2, 41
Suppose -3*t + 9 - 38 = -5*z, 4*t = 4*z - 28. Suppose -s - p = 3*p - 18, z*s - 12 = -p. Suppose s*a = n - 28, -n + 2*n = -4*a + 4. List the prime factors of n.
2, 5
Let y be (7 + 1)*100/(-8). Let w = 91 - 249. Let k = y - w. What are the prime factors of k?
2, 29
Let t be 8/(-10) - 53669/(-205). What are the prime factors of t/609 + 4197/7?
2, 3, 5
Let b = 869 - 497. Let u = b - 220. What are the prime factors of u?
2, 19
Suppose -8*l = -35*l + 884392 + 37442. List the prime factors of l.
2, 43, 397
Let c(a) = 320*a**2 - 15*a - 1. Let d = 437 + -436. List the prime factors of c(d).
2, 19
Let x(q) = -2*q**2 - 20*q + 18. Let u = -83 - -72. Let m be x(u). What are the prime factors of 2 + 2181/18 + m/24?
3, 41
Let v(h) = -8*h - 2. Let p be v(-1). Suppose 0 = -5*z + m - 7, -3*z + 5*m + 3 + p = 0. What are the prime factors of -5 + 4077/15 + z/(-10)?
3, 89
Let h = -19 + 4. Let k(m) = -m**2 - 13*m + 34. Let t be k(h). Suppose -137 = -t*u - 9. What are the prime factors of u?
2
Suppose -13*y + 72 = -y. Suppose o - 484 = -y*f + 5*f, -5*f - 1412 = -3*o. What are the prime factors of o?
479
Suppose 2*y - 3*v - 136 = -2*y, 5*v - 73 = -3*y. Suppose -2*s - y = -4*o - 7*s, -3*o + 23 = 4*s. List the prime factors of ((-42)/o)/7 + 2058/9.
2, 3, 19
Suppose -4*c = -4*n - 53752, 4*c + 4*n = -27195 + 80899. List the prime factors of c.
2, 23, 73
Suppose -4*y - 227 = -a, -8*a + 2*y = -5*a - 731. Let t = a + -68. What are the prime factors of t?
179
Let l(n) = -3*n**3 + 77*n**2 + 34*n + 11. List the prime factors of l(20).
3, 11, 227
Let j = 18 + 9. Suppose j + 24 = h. Let g = h + 14. What are the prime factors of g?
5, 13
Suppose -n + 11 = -2*z, -4*n + 2*z - 5*z = 0. What are the prime factors of (0 + -4 + n)*-201?
3, 67
Let k be 24/16*(2 - 2/3). Suppose 0 = s + 4*s. Suppose s = k*j - 3*u + 1, -4*j = 3*u - 25. What are the prime factors of j?
2
Suppose 0 = 3*u, -3*u = 5*r + 225 - 65. Let o = r + 39. Suppose -o*c = -6*c - 3. List the prime factors of c.
3
Let v(x) = -5*x**2 + 59*x + 14. Let u be v(12). What are the prime factors of -3 - u - (-92 + 4)?
83
Let v(d) = 82*d**2 - 3*d - 4. Let m = -3 + 1. Let k be v(m). Suppose 2*b = 4*f - 510 - k, 210 = f - 4*b. What are the prime factors of f?
2, 3, 5, 7
Let d = -108 + 106. Let l be (18/(-5))/(d - (-102)/60). Suppose -l*m = -11*m - 157. List the prime factors of m.
157
Let l be ((-12)/(-18))/((-1)/(-162)). Suppose -i = 83 - l. Suppose -3*z + 2*z - 325 = -4*a, 0 = 5*z + i. List the prime factors of a.
2, 5
List the prime factors of (8/(-36)*110919)/((-4)/6).
36973
Let q(w) = -35*w + 116. Let o be q(-11). Let h = o - 126. List the prime factors of h.
3, 5
Let w(f) be the first derivative of 2*f**4/3 - 4*f**3/3 + 17*f**2/2 - 10. Let l(c) be the second derivative of w(c). What are the prime factors of l(3)?
2, 5
Let m(y) = y - y**3 - 12 - 4*y**2 + 3 + 11*y**2 + 2*y**2. Let k be m(9). Let h(l) = l**3 - l**2 + 79. List the prime factors of h(k).
79
Let m(i) = 2*i**3 + 44*i**2 + 6. Let o(l) = -l - 10. Let c be o(12). Let d be m(c). Suppose 0 = -v + d*v - 1065. What are the prime factors of v?
3, 71
List the prime factors of 817/38*-894*3/(-9).
43, 149
Let y = 115 - 123. What are the prime factors of (-3)/(y - 41251/(-5159))?
11, 67
Suppose -s + y + 20326 = 0, 21211 + 19448 = 2*s + 5*y. List the prime factors of s.
20327
Let t be (12/(-10))/(-2 + 16/10). Suppose -192 = -2*k - t*r, -2*r = -k - 0*r + 82. Suppose 4*x - 309 = n, 0*x - 4*n + k = x. List the prime factors of x.
2, 3, 13
Let w(x) = 326*x**3 + 3*x**2 + 11*x - 54. What are the prime factors of w(3)?
2, 3, 367
Let u = -87 - -91. Let q be u/(-10) + (-48)/(-20). Suppose q*j = -65 + 341. What are the prime factors of j?
2, 3, 23
Suppose -1 - 5 = -5*j - 2*y, 0 = 2*y + 4. Suppose 0 = -2*w - 6, j*v - 2*w = -3*v + 2216. What are the prime factors of v?
2, 13, 17
Let m(f) = 739*f - 4059. List the prime factors of m(12).
3, 7, 229
Let l(d) = 24*d